92.
88
What is the greatest common factor of 365310 and 3075?
615
Calculate the greatest common divisor of 6143422 and 28247.
601
What is the highest common divisor of 694963 and 463809?
1501
What is the highest common divisor of 9884 and 2562427?
2471
What is the highest common factor of 2888631 and 8?
1
Calculate the greatest common factor of 83414 and 1753558.
466
What is the greatest common divisor of 38203137 and 729?
27
What is the greatest common factor of 11088 and 1351008?
144
What is the greatest common factor of 10998 and 2636559?
423
What is the highest common divisor of 531119 and 52229249?
3821
What is the greatest common divisor of 54842 and 2706614?
3226
Calculate the greatest common divisor of 2042975 and 646.
323
Calculate the highest common factor of 5141656 and 1859.
169
What is the highest common divisor of 213333 and 12801?
51
What is the greatest common divisor of 5968128 and 3840?
768
What is the greatest common factor of 407350 and 25600?
50
Calculate the greatest common factor of 27675284 and 3276.
364
Calculate the greatest common divisor of 2236458 and 434.
14
Calculate the highest common factor of 78008800 and 104.
8
Calculate the greatest common factor of 89784 and 21074184.
2088
Calculate the highest common factor of 9700 and 117377760.
1940
What is the highest common factor of 12 and 30571908?
12
Calculate the highest common divisor of 3186522 and 25109.
211
What is the greatest common factor of 261 and 23921636?
29
What is the highest common factor of 557230 and 35473370?
5410
What is the greatest common factor of 7423 and 656720233?
7423
Calculate the greatest common factor of 44383470 and 10.
10
Calculate the highest common factor of 4248913 and 323.
19
What is the greatest common divisor of 74803 and 97302955?
3937
Calculate the highest common factor of 735 and 4861731.
147
What is the highest common divisor of 150 and 1687475?
25
What is the greatest common factor of 407456 and 27499?
107
Calculate the highest common divisor of 130770 and 26710.
10
Calculate the greatest common factor of 46178856 and 18.
18
What is the greatest common factor of 1218634 and 12717?
157
Calculate the greatest common divisor of 165 and 15238875.
15
What is the highest common factor of 137362961 and 291?
97
What is the highest common factor of 230 and 78073914?
46
What is the highest common divisor of 112096 and 66192?
16
What is the highest common factor of 8701 and 2498769?
791
Calculate the greatest common divisor of 2512 and 61370358.
314
What is the greatest common factor of 9 and 128278?
1
Calculate the highest common divisor of 240126 and 106206.
186
Calculate the greatest common factor of 30324 and 65562084.
1596
Calculate the highest common divisor of 8216 and 2009444.
316
Calculate the highest common factor of 544164768 and 63.
63
Calculate the highest common factor of 1293479500 and 20.
20
What is the greatest common factor of 227842863 and 8089?
8089
Calculate the greatest common factor of 62667 and 102537138.
6963
What is the highest common factor of 4644 and 13826349?
1161
Calculate the highest common factor of 1770 and 242655.
15
Calculate the greatest common factor of 160728 and 5624.
296
Calculate the greatest common factor of 25669391 and 1027.
79
What is the greatest common factor of 38456 and 6680856?
3496
What is the highest common factor of 24400695 and 35?
5
Calculate the highest common divisor of 1494867 and 3531.
33
What is the highest common divisor of 1738384908 and 1118?
1118
Calculate the greatest common divisor of 4040 and 12128787.
101
What is the highest common divisor of 367982999 and 146?
73
What is the greatest common divisor of 43440 and 139370?
1810
Calculate the greatest common factor of 1004693334 and 318.
318
Calculate the greatest common divisor of 384 and 1546128.
48
What is the greatest common factor of 1379 and 1986593?
7
Calculate the greatest common divisor of 23990 and 127012656.
4798
Calculate the highest common factor of 413 and 25046.
7
What is the highest common divisor of 45898 and 15211?
53
What is the highest common divisor of 7984 and 4658165?
499
Calculate the greatest common divisor of 2555934 and 150.
6
Calculate the greatest common divisor of 12 and 4998514.
2
Calculate the greatest common divisor of 9559 and 127292.
121
What is the greatest common divisor of 3846 and 593566?
1282
What is the highest common factor of 82124042 and 7112?
1778
What is the highest common divisor of 3797320 and 160?
40
What is the highest common divisor of 192 and 91637568?
192
Calculate the highest common divisor of 116 and 6041251.
29
What is the highest common divisor of 10 and 43264735?
5
Calculate the greatest common divisor of 330 and 67150.
10
Calculate the highest common factor of 1453817362 and 293.
293
Calculate the highest common divisor of 433 and 43813105.
433
What is the highest common divisor of 41262768 and 144?
144
Calculate the greatest common factor of 20993632 and 836.
836
Calculate the greatest common divisor of 75 and 509556.
3
Calculate the greatest common factor of 72420660 and 30.
30
Calculate the highest common divisor of 6208 and 1579936.
3104
Calculate the greatest common factor of 205 and 7093.
41
What is the highest common factor of 20 and 3755110?
10
What is the greatest common factor of 34112877 and 6?
3
Calculate the highest common factor of 30613980 and 240.
60
What is the highest common factor of 3127108 and 332?
332
What is the highest common divisor of 438 and 34638281?
73
What is the highest common factor of 319 and 28908563?
29
What is the greatest common divisor of 176 and 13748152?
88
What is the highest common divisor of 9905073 and 894?
447
Calculate the highest common divisor of 8159 and 1308966.
41
Calculate the highest common factor of 60939 and 26379.
27
What is the greatest common divisor of 647985048 and 1740?
348
What is the greatest common factor of 252 and 154872774?
126
Calculate the greatest common divisor of 41223 and 22659.
273
Calculate the highest common factor of 2349 and 14650365.
87
Calculate the greatest common factor of 806 and 9807811.
403
Calculate the greatest common factor of 2238363 and 27.
9
What is the greatest common factor of 10621304 and 323?
19
Calculate the greatest common divisor of 5568512 and 6752.
32
Calculate the highest common divisor of 714 and 189945777.
357
What is the greatest common divisor of 103688685 and 2370?
1185
Calculate the greatest common factor of 37031 and 4218.
19
Calculate the highest common factor of 69683 and 11492.
17
What is the highest common factor of 15 and 738165?
15
Calculate the highest common factor of 123353178 and 390.
78
Calculate the highest common factor of 36 and 1585575.
9
What is the greatest common factor of 4831064 and 224?
56
What is the highest common divisor of 3635 and 539503792?
727
What is the highest common divisor of 154603 and 33799347?
1957
What is the greatest common factor of 16642910 and 130?
10
Calculate the greatest common divisor of 639 and 7989204.
213
Calculate the highest common factor of 135 and 194262165.
135
Calculate the highest common factor of 1537207 and 68026.
301
What is the greatest common factor of 2170853 and 261?
29
Calculate the greatest common divisor of 4887791 and 445.
89
Calculate the highest common divisor of 2678913 and 17091.
81
Calculate the highest common divisor of 3474039 and 1462011.
4701
Calculate the highest common divisor of 3075 and 350345.
205
What is the highest common divisor of 4899 and 342717?
213
What is the greatest common factor of 1639 and 640893?
11
Calculate the greatest common factor of 11213 and 61.
1
What is the highest common divisor of 13696 and 307632?
16
What is the highest common divisor of 4826 and 36047807?
2413
Calculate the highest common divisor of 14027 and 885859.
1079
Calculate the greatest common divisor of 977900 and 88.
44
Calculate the greatest common divisor of 222 and 11279302.
74
What is the highest common divisor of 45678 and 12732?
6
Calculate the highest common factor of 45 and 6549720.
15
Calculate the highest common divisor of 27632 and 47157776.
2512
Calculate the greatest common divisor of 108106 and 372145.
283
What is the highest common factor of 1747111 and 317309?
3823
Calculat